base 4) to base 8
-2544436
What is -2236018 (base 10) in base 2?
-1000100001111001110010
Convert 2065230 (base 8) to base 9.
1030552
What is 122322112 (base 4) in base 15?
229da
-102242222 (base 5) to base 11
-274851
-4cb6c (base 13) to base 14
-39d49
1543524 (base 9) to base 8
3206770
-2987a1 (base 12) to base 9
-1275154
Convert -1306599 (base 11) to base 2.
-1000101000100101110101
-10001001000101 (base 2) to base 5
-240043
-1eab4 (base 16) to base 12
-60844
-11111330120 (base 4) to base 9
-2564232
Convert -7ba6b (base 13) to base 12.
-aa869
Convert 121101221110 (base 3) to base 8.
1166531
-970a0a (base 11) to base 7
-16126116
-1495b5 (base 14) to base 12
-2a714b
-aa517 (base 15) to base 9
-1014274
Convert -385a18 (base 12) to base 10.
-922484
7972239 (base 10) to base 15
a77229
Convert 9444 (base 11) to base 4.
3003133
Convert 82681 (base 10) to base 2.
10100001011111001
2126033 (base 7) to base 2
111111001110101101
Convert -22302203 (base 6) to base 5.
-133131034
What is -363aa65 (base 11) in base 9?
-12832142
-4703834 (base 10) to base 11
-2723073
-119476 (base 10) to base 12
-59184
What is -2673c11 (base 13) in base 16?
-b87a50
-1100001001101011100 (base 2) to base 8
-1411534
10125425 (base 6) to base 14
78369
Convert -351004 (base 8) to base 2.
-11101001000000100
Convert 1649306 (base 10) to base 16.
192a9a
Convert -bad684 (base 14) to base 9.
-12827880
-6d33 (base 14) to base 4
-10221301
What is -635345 (base 7) in base 5?
-12004230
What is -1168016 (base 12) in base 9?
-6310880
-403242 (base 7) to base 10
-68385
Convert 3374031 (base 8) to base 7.
10532020
What is 108800 (base 9) in base 5?
4044104
-103165 (base 10) to base 16
-192fd
Convert 41244073 (base 8) to base 11.
4a26629
25543240 (base 6) to base 10
837960
22a1 (base 16) to base 10
8865
Convert -76469 (base 13) to base 11.
-13675a
What is -1d918 (base 15) in base 5?
-11042143
-30432135 (base 7) to base 2
-1001101101100010011101
Convert -101433403 (base 5) to base 4.
-1212303233
1c9481 (base 14) to base 2
11111010000110011001
What is -956d00 (base 14) in base 5?
-2243122013
What is 1200222112201 (base 3) in base 6?
31222114
Convert -1612461 (base 7) to base 3.
-102021021110
Convert 102220121020 (base 3) to base 16.
393cf
Convert 503130112 (base 6) to base 3.
121002101001122
e5d8 (base 16) to base 12
2a074
Convert -11020011222001 (base 3) to base 12.
-904761
-beb3c (base 15) to base 9
-1124153
Convert 1314323 (base 7) to base 3.
22201221122
What is c449b0 (base 14) in base 10?
6620446
20203121012 (base 4) to base 16
223646
Convert 90bce (base 16) to base 5.
122432341
What is 273166 (base 9) in base 15?
34453
5555124 (base 8) to base 14
2adb36
Convert -22130103 (base 4) to base 14.
-11831
What is -b1b2c8 (base 13) in base 6?
-224402513
13324240212 (base 5) to base 7
264463625
-b54a0 (base 12) to base 15
-4a53c
What is 10110100101001100110011 (base 2) in base 4?
112211030303
-254016 (base 8) to base 12
-42b7a
What is -13ea8ab (base 15) in base 2?
-110110111110110110011011
What is -11634160 (base 7) in base 10?
-1050700
Convert 1386530 (base 14) to base 7.
143321660
What is 125a5 (base 11) in base 5?
1034043
What is -1230552 (base 7) in base 2?
-100110110000011100
Convert 31013341 (base 5) to base 16.
3d4d8
Convert 24365516 (base 8) to base 9.
11082361
What is -111322302 (base 4) in base 3?
-11120011010
1013311012120 (base 4) to base 11
a6a1058
-10144454 (base 6) to base 12
-12212a
Convert 615084 (base 11) to base 6.
33100354
Convert 61001350 (base 7) to base 12.
183bab4
-53c75 (base 15) to base 10
-266060
What is 2130231120 (base 4) in base 15?
ca2c0
What is -4913896 (base 10) in base 3?
-100020122121011
What is -21300303330 (base 4) in base 9?
-4730536
-1001010001011001010 (base 2) to base 4
-1022023022
Convert -220233013 (base 4) to base 16.
-28bc7
38741 (base 13) to base 9
168305
Convert -443412 (base 7) to base 16.
-130f2
Convert 1035423315 (base 6) to base 15.
eae232
-1011011020021 (base 3) to base 8
-2255612
117942 (base 13) to base 15
83773
-93319 (base 10) to base 14
-26019
-181237 (base 9) to base 10
-112462
What is -1245344 (base 8) in base 16?
-54ae4
756537 (base 8) to base 7
2103265
Convert -1049266 (base 12) to base 6.
-150041410
1450002 (base 9) to base 10
800444
5cea (base 16) to base 6
302042
-e2668 (base 16) to base 5
-214133321
Convert 2102110111020 (base 3) to base 11.
800084
What is 2b7914 (base 12) in base 14?
15353a
-7b3c57 (base 14) to base 16
-400e75
Convert 11697d3 (base 14) to base 8.
37602015
-354426 (base 10) to base 12
-151136
Convert -1000111011101011000110 (base 2) to base 15.
-313bee
Convert 298696 (base 12) to base 3.
1022111222020
-407358 (base 13) to base 12
-604863
Convert 2111897 (base 10) to base 9.
3867872
Convert -644562 (base 7) to base 8.
-332753
-567225 (base 9) to base 3
-122021020212
What is 265563 (base 10) in base 9?
444250
What is 2022aa (base 11) in base 14?
866b4
11049 (base 14) to base 15
c335
Convert 1272046 (base 8) to base 3.
200011021120
What is -223201010333 (base 4) in base 15?
-10050be
-110336436 (base 7) to base 3
-110111202200110
-29421 (base 11) to base 6
-521212
62efc (base 16) to base 3
202120220001
332414032 (base 5) to base 7
15222510
What is 116943 (base 10) in base 6?
2301223
Convert -1411404134 (base 5) to base 11.
-2054639
-1213033313 (base 4) to base 13
-11a650
What is 3381230 (base 9) in base 16?
1bd86c
Convert 211113022 (base 5) to base 11.
550566
What is -2196168 (base 10) in base 5?
-1030234133
What is 13dd8 (base 15) in base 4?
33212012
Convert 2cb55 (base 13) to base 10.
85415
Convert -14a061 (base 12) to base 9.
-581821
Convert -7095c (base 15) to base 3.
-200010000020
What is 1101001100010111111010 (base 2) in base 13?
9412a8
Convert -3574a (base 12) to base 7.
-416443
531b2 (base 14) to base 10
200664
6084a (base 11) to base 13
315b0
Convert 10200102022 (base 3) to base 5.
4304401
741760 (base 11) to base 2
100100010000101000101
What is -c9290b (base 13) in base 10?
-4718491
22100211210 (base 3) to base 9
270753
What is -10012002000201 (base 3) in base 2?
-110011101101000000111
Convert -36457205 (base 8) to base 9.
-16072724
What is -4b03c (base 16) in base 14?
-7dd92
Convert 67776 (base 9) to base 6.
544453
67d49 (base 16) to base 9
717343
Convert 101011110000101010111 (base 2) to base 6.
50422343
What is 330164 (base 15) in base 11?
140aa31
Convert -23c4b90 (base 13) to base 15.
-e9a198
Convert -135a6 (base 14) to base 3.
-2102112102
Convert 121001021010121 (base 3) to base 2.
100000100010000001000011
4314101 (base 5) to base 12
36316
What is a2456 (base 13) in base 10?
290751
Convert 40e9d8 (base 15) to base 9.
5724475
Convert 1395a (base 14) to base 8.
136554
What is -33151450 (base 7) in base 6?
-141052054
What is 7207754 (base 8) in base 5?
441421440
What is -143bb3b (base 13) in base 12?
-2199538
26631 (base 11) to base 8
112214
What is -323982 (base 15) in base 3?
-11111111201112
What is 226664 (base 7) in base 14?
10c34
4400111342 (base 5) to base 14
1361dc8
Convert 10110110011111101101 (base 2) to base 5.
142410001
What is -111003313 (base 4) in base 9?
-141287
What is -112121100120010 (base 3) in base 5?
-3441341241
-418785 (base 14) to base 4
-20130110201
What is d80d16 (base 15) in base 12?
3538b79
26460 (base 9) to base 12
a416
What is 11000100001011 (base 2) in base 6?
134043
Convert 3ab5945 (base 12) to base 8.
54445005
100000111000010110111010 (base 2) to base 4
200320112322
Convert 541b8a (base 13) to base 9.
3640020
-3770202 (base 8) to base 16
-ff082
Convert -7104236 (base 9) to base 3.
-21010011021020
3aa123 (base 14) to base 15
2a014e
What is 5215254 (base 7) in base 13?
18bca6
-11110101011000101000 (base 2) to base 6
-33313120
What is 112410421 (base 5) in base 7?
4235213
-988762 (base 14) to base 13
-10c0971
Convert 20033214 (base 5) to base 9.
261446
What is 753007 (base 10) in base 9?
1366834
773037 (base 9) to base 3
212110001021
What is 4211353 (base 8) in base 4?
10101023223
Convert 9717 (base 11) to base 2.
11001000101100
11000110100000101 (base 2) to base 4
120310011
What is -1240313 (base 6) in base 12?
-33099
Convert a0009a (base 11) to base 15.
21c349
What is 28083 (base 14) in base 5?
11131044
228312 (base 14) to base 11
732905
Convert -4aa60 (base 11) to base 3.
-